 = 3*o. What is the hundreds digit of y?
1
Suppose -p = 6 - 28. What is the units digit of p?
2
Suppose -h - h - 4 = -z, -1 = -z + h. Let c(y) = 1 + 0*y - y**3 + 2 + 3*y. What is the units digit of c(z)?
5
Let h(a) = -28*a - 3. Suppose 0 = 3*k - 8*k - 4*i - 6, -i - 1 = k. Let z be h(k). What is the units digit of 4/22 - z/(-11)?
5
Let f = 110 - -112. What is the units digit of f?
2
Let s = 199 + 92. What is the tens digit of s?
9
Let f(g) = -g**2 + 9*g - 5. Let i be f(9). Let z be ((-2)/(-3))/(i/(-15)). What is the units digit of 41/5 + z/(-10)?
8
Let g(r) = r**3 + 8*r**2 + 4*r + 5. Let v be g(-5). Suppose v = -0*c + 4*c. What is the units digit of (84/c)/((-2)/(-5))?
4
Let m = 10 + -7. Let l be (0 + 0/m)/(-2). Let b = l + 9. What is the units digit of b?
9
Let v(z) = 4*z**2 + 2 - z**2 - 2*z**2. Let y(k) = k**2 + 4*k - 1. Let h be y(-5). What is the tens digit of v(h)?
1
Let c be 6 + -8 + (0 - -6). What is the units digit of 42/9 - c/6?
4
Suppose -a + 63 = -s + 4*s, 0 = 2*a. What is the units digit of s?
1
Let y be (3 + -5)/(-1 + 3). Let u be y*-6*(-2)/3. What is the units digit of 0 - 2*u*1?
8
Let q(c) = c**2 - 6*c - 4. Let h be q(7). Suppose 4*o - h*o = 9. Suppose -j = -4*j - 2*t + 27, j - o = -3*t. What is the units digit of j?
9
Let b be (11 - -2) + 4 + -1. What is the tens digit of (-5 + -1)*b/(-6)?
1
Let w = 25 - 22. Suppose 5*a - 2 = w*a. What is the units digit of a?
1
Suppose -23*v - 207 = -26*v. What is the units digit of v?
9
Suppose -4*d + 4*u - 8*u = -184, -4*d = -2*u - 184. What is the units digit of d?
6
What is the tens digit of (-6 + 1)/(2/(-10))?
2
Suppose -42 = -4*q - 3*v, q - 2 - 6 = -2*v. Let i = 22 - q. What is the tens digit of i?
1
Let o = 264 + -119. What is the units digit of o?
5
Let f(p) = 30*p - 5. What is the hundreds digit of f(4)?
1
What is the tens digit of (-406)/(-16) - 51/136?
2
Suppose 0 = 4*t + 12, 2*t + 69 = 3*h + 4*t. What is the units digit of h?
5
Suppose 2*f + 18 = 4*v, 0 = 3*f - v - 4*v + 22. What is the units digit of f?
1
Suppose 0 = v - 59 - 4. Suppose -v = -5*r + 2*r. What is the units digit of r?
1
Let u = 104 - 71. What is the units digit of u?
3
What is the units digit of 50/2*(-9)/(-3)?
5
What is the units digit of (-7 + -3)/(6/(-18))?
0
Suppose 0 = -2*q + v + 167, -5*v = 19 - 4. What is the tens digit of q?
8
Suppose -8*z + 799 + 233 = 0. What is the units digit of z?
9
Let z(s) = 3*s**2 + s. Suppose 0 = -4*p + 3 + 5. What is the tens digit of z(p)?
1
Let s = -33 + 52. What is the units digit of (-3 + 6 - 3) + s?
9
Let k(n) = -4*n - 2. Let d be k(6). Let w = d + 41. Suppose -w = -h - 3. What is the units digit of h?
2
Suppose -3*d + 78 = x, 2*x + 3*d - 86 - 82 = 0. What is the units digit of x?
0
Let v(d) = 2*d**2 - d + 3. What is the tens digit of v(4)?
3
What is the units digit of 69 - (3 - 4)*-3?
6
Let w(q) = 5*q**2 - 2*q + 1. Suppose -c - 5 = -6*c. Let f be w(c). Suppose -f*p = -12, 4*p + 4 = -4*u + 20. What is the units digit of u?
1
Suppose 2*i - 29 = -5*n - 0, 4*i - 16 = -4*n. Suppose -n = -2*u - t, -t - 12 = -5*t. What is the units digit of 0 + -1 - (-1 - u)?
2
Suppose -2*b = -b - 4. Suppose b*v - 18 = 2. Suppose 3*k + 33 = 3*w, 4*w + 3 = v*k + 47. What is the units digit of w?
1
What is the units digit of (-23)/2*(-1 - 3)?
6
Let b = 30 + -23. What is the units digit of b?
7
Suppose 0 = -4*o + r + 203, -3*o + 2*r = 44 - 195. What is the units digit of o?
1
Let z = -3 - -24. Let j = z - 29. What is the units digit of (-3)/12 - 66/j?
8
Let a = -330 + 569. What is the units digit of a?
9
Suppose 5*q - 75 = -0. Let f = 130 + -127. What is the units digit of q/((-3)/(-1)) - f?
2
Let h(p) = -p + 25. What is the units digit of h(16)?
9
Suppose 2*j = -3*r + 17 + 69, 0 = -j + r + 38. Suppose -3*q - q = -j. What is the units digit of q?
0
Suppose -o = -6 - 16. What is the units digit of o?
2
Suppose 4*z = 4*l + 3*z - 220, -l + z + 52 = 0. What is the tens digit of l?
5
Let g = 14 + -14. Suppose -5*b + 10*b - 15 = 0. Suppose -b*x + 2*x + 14 = g. What is the tens digit of x?
1
What is the units digit of 5/(-10)*(-3 - 1)?
2
What is the units digit of ((-5)/(-5))/(3/111)?
7
What is the units digit of (-3)/6 - 182/(-4)?
5
Let g(m) = m**2 + 3*m. Let n(a) = 2*a**2 + 7*a. Let w be (10/4)/(4/8). Let k(h) = w*g(h) - 2*n(h). What is the units digit of k(-5)?
0
Let n(f) = 5*f**2. Let a be n(-2). Suppose i = 4*h - 0 + 4, 5*h + 3*i = 12. Suppose -a = -2*s - p, -p = s - h*p - 12. What is the units digit of s?
8
Suppose -5*v + 2 = -3. Let d(t) = t**3 + t**2 - t. What is the units digit of d(v)?
1
Let r be (-4)/6*(-6)/4. Let q be -2*((-9)/6)/r. Suppose 15 = q*j - 0*j. What is the units digit of j?
5
Let f(z) = 3*z - 2. Let k(q) = 2*q - 3. Let t(w) = 4*f(w) - 3*k(w). What is the tens digit of t(5)?
3
Suppose -5*g + 40 = 5*z, -2*z = -g - g - 32. Let i be 46/6 + 2/6. Suppose 3*h = -z, -3*l - 6 - i = 5*h. What is the units digit of l?
2
Let r = 1 + 40. What is the units digit of r?
1
Let c(l) be the third derivative of -l**4/8 - l**3/6 - 3*l**2. Let n be c(-1). Suppose -5*j + n*j + 15 = 0. What is the units digit of j?
5
Suppose 0*j = -2*j - 2*w + 6, 3*j = -5*w + 7. Let r be j/(-10)*(6 + -11). Suppose -r*y + 0*y - 2*v = -12, y - 4 = v. What is the units digit of y?
5
Suppose 3*s = 9*s - 228. What is the units digit of s?
8
Suppose -5*k + 0*k + 10 = 0. Suppose -k*v + 192 = 2*v. What is the units digit of v?
8
Suppose b + 12 = -2*b. Suppose -16 - 14 = -5*u. Let j = u + b. What is the units digit of j?
2
Let d = -118 + 77. Let j = d - -71. What is the tens digit of j?
3
Let p = 7 - 3. Suppose 3*j + 59 = p*h, j + 74 = 4*h + 3*j. What is the units digit of h?
7
Let k(z) = z**3 - 12*z**2 - 12*z - 34. What is the units digit of k(14)?
0
Let k(z) = z**3 - 2*z - 1. Let w be k(2). Let u(c) = c - 3. Let i be u(w). Suppose -q = -3*f + 62, q + 6 - 1 = i. What is the units digit of f?
9
What is the units digit of (-110)/(-11) - 1*2?
8
Suppose 3*k = 2*z - 134, -3*k + 154 = 2*z - k. What is the units digit of z?
3
Suppose 5*c + 40 = -0*c. Let t(v) = -v - 1. Let l(h) = h**2 + 2*h - 4. Let o(r) = l(r) - 5*t(r). What is the units digit of o(c)?
9
Let m be 58/18 + (-10)/45. Let a = 3 - 4. Let d = a + m. What is the units digit of d?
2
Suppose t = h - 17, 0 = -h + 6*h - 3*t - 91. What is the units digit of h?
0
Let g be (-2)/(-6)*(9 - 0). Suppose -g*i = 4*b - 165, 0 = i + b - 34 - 20. What is the units digit of i?
1
Suppose 9*b - 25 = 4*b - j, -3*b + 15 = -4*j. Suppose p - 4*v = -7, p + 3 + 4 = b*v. What is the units digit of ((-6)/(-5))/(p/(-35))?
6
Let p be (-21)/(-9) + 1/(-3). Suppose v - p*v - 2 = 0. What is the units digit of 48/4 + v*1?
0
Let c(x) = -x - 2. Let l be -3 + 1 - 2 - 1. Let g be c(l). Suppose 5*h = g*h + 20. What is the units digit of h?
0
Suppose 4*u = 2*u. Suppose u = 4*r - 5*k - 156, -6*k = -3*r - k + 122. What is the tens digit of r?
3
Let s = -15 - -6. Let w(f) be the first derivative of -f**2 - 11*f + 1. What is the units digit of w(s)?
7
Suppose 2*u - 606 = 4*k, 0*k - 5*k - 762 = -u. What is the tens digit of (k/(-18))/((-2)/(-4))?
1
Suppose -n - 8 = 3*s, -4*s = 5*n - 0*n + 7. Let f be (2 - 1 - 14)*n. What is the tens digit of (-2)/4*f*2?
1
Let x = -4 + 0. Let l = x + 6. Let d = l + 4. What is the units digit of d?
6
Suppose -5*h + 3 + 27 = 0. Let l(v) = 3*v - v - 8 + 2. What is the units digit of l(h)?
6
Suppose 23 - 3 = 2*s. Suppose -5*o + 0 - s = -5*l, 5*o + 4*l - 26 = 0. What is the units digit of o?
2
What is the tens digit of 26/39*(43 + -1)*2?
5
Let q = 8 - 3. Suppose c = 3, 0 = q*m - c - 3*c + 2. Suppose -28 = -m*r + 6. What is the tens digit of r?
1
Let j = -17 + 32. What is the units digit of j?
5
Let j = -25 + 39. Suppose -j + 1 = -y. What is the units digit of y?
3
Let l(n) = n**3 - n + 5. Let u be l(0). Suppose -8 = -0*w - 4*w - 4*y, -2*w + 4 = -5*y. What is the units digit of (w - u) + (-9)/(-1)?
6
Suppose 15 = 3*f + 4*y - 148, 5*f + 3*y = 268. What is the units digit of f?
3
Let t = 35 - 23. Suppose 13 + t = 5*w. What is the units digit of w?
5
Let t be (((-248)/4)/(-2))/1. Let i = t + 4. What is the units digit of i?
5
Let h(k) = k - 5. Let m be h(9). Suppose 2*y + 3*w - 13 = 0, -y = w - m*w - 2. What is the units digit of y?
5
Suppose 3*q - 34 = -2*c, -4*q - 7 = -c + 10. Let y = 7 + c. Wh